77. Is f(h) a prime number?
True
Let j = 155883 + 124223. Is j a prime number?
False
Suppose -4*k = -5*y - 1399118, 2*y - 1748947 = 52*k - 57*k. Is k a prime number?
True
Let f(s) be the third derivative of s**5/15 + 5*s**4/8 + 41*s**3/6 - 139*s**2. Is f(30) prime?
True
Let t(n) = -4935*n - 56. Let r(q) = 2468*q + 27. Suppose 33 = 3*d + 6. Let w(l) = d*r(l) + 4*t(l). Is w(2) composite?
True
Let d(m) = -2*m**2 + 16*m + 20. Let o be d(9). Suppose -o*i = -5870 - 2902. Suppose 3*u - 14919 = -i. Is u composite?
False
Let h = -76 - -40. Let a = h + 40. Suppose -a*v + 1479 = -v. Is v a prime number?
False
Let n be -22 + -6 + 3 + (-4 - 0). Let w = 24 + n. Is w*(-6)/75 + (-65115)/(-25) a composite number?
True
Let t(o) = -87*o**3 - 9*o**2 - 78*o - 25. Is t(-13) prime?
True
Let a = -457 + 3102. Suppose 4*k - 2055 = a. Let x = -654 + k. Is x composite?
False
Let n(i) = 11*i - 44. Let r be n(5). Suppose r*y = 12*y - 6. Suppose 3*q - 5924 = -5*c, -4*q = y*c - 5*c - 7893. Is q a composite number?
False
Suppose -5*b = -4*y + 43, 0 = -y - 2*y + 5*b + 36. Suppose v + 15 - y = -3*c, 3*c = 4*v - 43. Let m(q) = 2*q**3 - 9*q**2 - 4*q - 6. Is m(v) composite?
False
Is (-141566)/12*(42/(-35) + (-336)/70) a prime number?
True
Let w be 4/10 - (2 - 189/(-35)). Is (-3)/4 - (w - 262104/32) a composite number?
True
Suppose -12 = -5*p - 7, 2*w - 2*p = 39938. Suppose -5*q = 5*s - w, -2*q - 3*q - 4*s + 19965 = 0. Is q a composite number?
False
Let u be 3177*6 + -15*1/(-5). Suppose -7*q = -u - 16628. Is q a composite number?
False
Suppose 12*c + 336 = -2*c. Let d be (c/(-14))/((-18)/693). Let w = d - -145. Is w composite?
False
Is (-4)/8 + -1*792044/(-8) composite?
True
Let q(k) be the second derivative of 189*k**4/2 - 5*k**3/3 - 9*k**2/2 - 46*k. Is q(-2) a composite number?
False
Suppose -2*s = -4*o - 848270, 7*s - 3*s + o - 1696486 = 0. Is s composite?
True
Suppose 0 = 9*d - 4*d - 55. Let g = d - 6. Suppose 1401 - 3996 = -g*i. Is i a composite number?
True
Let y = 415 + -405. Let r(k) = k**3 + 5*k**2 - 41*k + 19. Is r(y) a prime number?
True
Suppose 0 = -r + 18*p + 31065, r = -0*r + 2*p + 31033. Is r a composite number?
True
Let j(f) = -2*f**2 - 40*f + 47. Let y be j(-21). Suppose -14 = -y*w + 6. Suppose q = -q + w*h + 2278, 0 = -h + 4. Is q composite?
True
Let r be 78/8 + (-27)/36. Suppose -r*k = -2*k + 42. Is (9/k)/((-3)/1076) a prime number?
False
Suppose 0 = -3*s - 0*s - 4*f + 40, -3*s + 8 = -4*f. Suppose s*b + 7305 = 3*n + 6*b, 4*n = 2*b + 9740. Is n a prime number?
False
Let w(t) = 1062*t - 60. Let b be w(11). Is ((-6)/12)/(23241/b - 2) composite?
True
Let x = 150176 - 54229. Is x composite?
False
Suppose 26 = 18*b - 5*b. Suppose 0 = -2*r - 4*u - 3878, -2*u = -b*r - 3*u - 3863. Let y = r + 2836. Is y prime?
True
Suppose -51*b + 40160545 + 27506714 = 0. Is b prime?
False
Let i(x) = 0*x**3 - 19*x**2 + x**3 + 43 + 6*x + 30*x. Is i(23) a composite number?
True
Let o = -22670 + 24649. Is o a prime number?
True
Let n be (9/(4 + -1))/1. Suppose n*f + 3 = 4*c, 4*f - 3 = -2*c + 5*c. Suppose 8*a - 14055 = f*a. Is a a composite number?
True
Let a(s) = 627*s + 632. Is a(41) composite?
False
Suppose -63 = 3*u - 84. Is ((-3)/9)/(u/(-32655)) prime?
False
Let w(r) = -r**2 - 1 - 10*r - 3 + 17*r - 11*r. Let k be w(-2). Suppose k = 10*g - 8*g - 118. Is g a prime number?
True
Let l be 4/(-3)*(-1701)/54. Is -2 + 8/3 - (-132818)/l prime?
True
Let z = 713953 + -443532. Is z prime?
True
Let s = 32 + -28. Suppose -23384 + 2196 = -s*a. Is a prime?
True
Suppose 0 = -q + 35 - 35. Suppose q = 12*c - 10015 - 11717. Is c composite?
False
Suppose 4*t + 300 = 2*m, 582 = 4*m - 0*t - 2*t. Let p be 18/m - (-45886)/16. Suppose -5*x + x + p = 2*h, x - 707 = -3*h. Is x composite?
False
Suppose 8 = 5*b - 2*b - 2*u, 3*b = -4*u + 2. Suppose 4*t - 1769 = f, -2*f + 272 = b*t - 600. Let q = -256 + t. Is q composite?
True
Suppose -97*i - 3*b + 462290 = -93*i, -2*b = 2*i - 231146. Is i a prime number?
True
Suppose -5*j = 12 + 18. Let g be 90/40 - j/8. Suppose 3834 = 3*r + 3*d, -2*d + 7*d - 3824 = -g*r. Is r composite?
False
Let g = 837 + -1569. Suppose -2*l + 0*l + 2818 = 0. Let z = l + g. Is z prime?
True
Suppose -4*g + 2*r + 615614 = 0, -2*r - 769519 = -263*g + 258*g. Is g prime?
False
Let g = -36 + 38. Suppose 4*p + 4*u = 3*p - 10, -4*u = -g*p + 4. Is (4254/12)/(p/(-4)*1) a composite number?
False
Let t = 20172 - 9319. Let z = -7420 - -2548. Let d = t + z. Is d prime?
True
Suppose 17*l = 21*l - 12320. Let c = l - 453. Suppose -5*y - 2*b = -c, -2*y - 2100 = -6*y - 2*b. Is y a composite number?
True
Let c(q) = -241*q**3 - q**2 + 3*q + 3. Let j be c(-3). Suppose z = 2*h - 2*z - j, 3*z = -4*h + 13002. Let o = -964 + h. Is o a composite number?
True
Let k(o) = -29*o**3 - 3*o - 6. Let j be k(-2). Suppose -1666 = 5*l + 1004. Let w = j - l. Is w a composite number?
True
Suppose 0 = -6*s + 181 - 61. Suppose s*g = 5860 + 3120. Is g composite?
False
Let n = -2053 + 1065. Let g = n - -5315. Is g a prime number?
True
Let g be 2/((-4)/55)*1344/(-10). Suppose 0 = 5*u + 5*c - 10235, 5*u + 3*c - g = 6539. Is u prime?
False
Let n(h) = -8*h**2 - 7*h + 2*h**2 - 5*h**3 + 6*h**3 + 15. Let m be n(12). Suppose -p = -4*p + t + 469, 5*t = 5*p - m. Is p a composite number?
True
Let g = -6817 + 4188. Let h = 3902 + g. Is h a prime number?
False
Let r(m) = 2*m**2 - 18*m + 3. Let v be r(9). Let k(p) = p**v + 2 - 26*p**2 - 1 + 21*p**2 + 0 - 17*p. Is k(14) a prime number?
False
Suppose -4*s = 2*i - 2872, -5*s + 2719 = i - 874. Is s a composite number?
False
Let b(q) = -5*q**2 + 9*q - 130. Let r be b(7). Let c = 3101 + r. Is c prime?
True
Let h = 25697 + -15210. Let n = 44610 - h. Is n prime?
True
Suppose 1946 - 7357 = -7*t. Let c = t + -200. Is c a prime number?
False
Suppose 0 = -23*a + 28*a - 2*k - 773743, 5*k + 773755 = 5*a. Is a prime?
True
Let c(g) = 4*g**3 + 5*g**2 - g - 3. Is c(10) composite?
True
Let p = -617 - -4646. Let l = p + -1002. Is l prime?
False
Let x = 12222 + 26485. Is x a prime number?
True
Let g = 249 + -165. Is 45/(-7)*-2 - (-12)/g prime?
True
Let v be (-5 - -4)/(((-3)/(-4))/(-3)). Suppose 637 = v*x - 11631. Is x a prime number?
True
Let s = 85621 - -94168. Is s a prime number?
False
Let b = 177 - 172. Suppose -4*j = n - 1517, 7*j + b*n + 374 = 8*j. Is j a prime number?
True
Let y(n) be the third derivative of n**6/120 - 7*n**5/30 - 2*n**4/3 + 17*n**3/6 + 32*n**2. Let u be y(15). Suppose u*v = -2*v + 148. Is v prime?
True
Let t(o) = -3*o**2 - 16*o - 2. Let w be t(-6). Let b(n) = -n**2. Let p(k) = -2*k**2 - 10*k + 10. Let i(d) = b(d) - p(d). Is i(w) a composite number?
True
Let s(w) = 6*w - 56. Let t be s(11). Suppose -t*v + 24*v - 58814 = 0. Is v a prime number?
True
Suppose 0 = 8*x - 126672 - 1024. Suppose 8*q + 770 = x. Is (2/1)/(18/q) a prime number?
True
Let i(n) = -n**2 - 4*n - 7. Let s(t) = -13*t - 19. Let c(o) = -6*o - 9. Let g(a) = -5*c(a) + 2*s(a). Let q(d) = -3*g(d) - 2*i(d). Is q(5) a prime number?
True
Let n(f) = 292*f**3 - 9*f**2 + 6*f + 52. Is n(7) a prime number?
True
Suppose 18*s - 1035067 = 698279. Is s a composite number?
True
Let f(o) = -21*o**3 - o**2 - 12*o - 7. Let m(y) = -21*y**3 - 2*y**2 - 11*y - 7. Let q(x) = -5*f(x) + 6*m(x). Suppose -22 = 3*l - 7. Is q(l) composite?
False
Let a(c) = -7*c - 7. Let o(t) = -36*t - 36. Let q(r) = -11*a(r) + 2*o(r). Let b be q(0). Suppose -b*p - 268 = -2163. Is p a composite number?
False
Let f be 0 + (-184378)/(-2) + -6. Suppose 0 = -79*k + 86*k - f. Is k composite?
True
Suppose 5*m = -3*w + 2596, 6*m - 2606 = -3*w + 11*m. Suppose 4*h - 169 = w. Is h a prime number?
False
Suppose 27*w - 748595 = 2603266. Is w prime?
False
Is 8721 - (-5 - -4)*-4 a prime number?
False
Suppose -63*v - 63*v - 37*v = -2182733. Is v a prime number?
False
Let a = 77 - 69. Suppose -f = -a*f + 39340. Suppose -3*d + 7005 = 3*o - 9873, -o + f = -d. Is o prime?
True
Let m(p) = 99*p**3 + 29*p**2 - 26*p + 12. Is m(5) composite?
True
Let f be (2 + -3 + 7)/(168/112). Suppose -16 = -f*w, 3*n - 4*w - 804 = 2297. Is n a composite number?
False
Let o = -41 - -31. Let q be 2/4 - 3045/o. Let b = -178 + q. Is b prime?
True
Let i be 2/((-117156)/117160 - -1). Let g = i + -39993. Is g composite?
False
Let u be 7 - (-9)/(9/(-4)). Suppose -3*d + q = -42502, u*q = -d + q + 14158. Suppose d = -6*b + 15*b. 